?
True
Is 111953 composite?
False
Is 198516583 composite?
True
Is 15231991 composite?
False
Is 5347105 composite?
True
Is 19443301 composite?
False
Is 95179951 a prime number?
False
Is 80293 a composite number?
True
Is 3124271 prime?
False
Is 1142537 composite?
True
Is 116239 a prime number?
True
Is 12018947 prime?
False
Is 31562738 composite?
True
Is 42554069 composite?
False
Is 21698663 prime?
False
Is 8934587 prime?
True
Is 1460341 prime?
True
Is 9201877 a composite number?
False
Is 59732269 composite?
False
Is 31929769 composite?
False
Is 1867235 prime?
False
Is 124998893 a prime number?
False
Is 6991841 a prime number?
True
Is 146562769 prime?
False
Is 1353371 a prime number?
True
Is 18584837 a prime number?
True
Is 242129 a composite number?
False
Is 3653653 a composite number?
True
Is 8526701 a prime number?
False
Is 119406379 a composite number?
False
Is 1444411 prime?
True
Is 189628573 prime?
False
Is 351273701 prime?
True
Is 59248522 a composite number?
True
Is 44411 a composite number?
True
Is 5121701 prime?
False
Is 125959 a prime number?
True
Is 55889401 a composite number?
True
Is 6487001 a prime number?
True
Is 20981189 a prime number?
True
Is 184536517 a composite number?
True
Is 1243691 a composite number?
False
Is 2981037 prime?
False
Is 19342321 a composite number?
False
Is 331334 a composite number?
True
Is 8299129 a prime number?
False
Is 208408097 a composite number?
False
Is 20948723 prime?
True
Is 2693417 prime?
False
Is 10373633 a prime number?
True
Is 5995433 composite?
True
Is 69733253 a prime number?
True
Is 36441599 a composite number?
True
Is 53611435 composite?
True
Is 2917939 a prime number?
True
Is 33428723 a composite number?
True
Is 10224061 composite?
False
Is 6757879 prime?
False
Is 41281 a prime number?
True
Is 3257378 prime?
False
Is 3563641 a composite number?
True
Is 2632339 a prime number?
True
Is 62189479 composite?
True
Is 4395653 a composite number?
False
Is 619483 a composite number?
True
Is 73749211 a composite number?
True
Is 28320467 composite?
True
Is 21203809 composite?
True
Is 22117279 a prime number?
True
Is 337606301 prime?
False
Is 29080217 prime?
False
Is 113100491 a composite number?
True
Is 9199 composite?
False
Is 246360299 prime?
False
Is 23106361 prime?
True
Is 51149078 composite?
True
Is 799116593 a composite number?
True
Is 343297 prime?
False
Is 1014017 prime?
False
Is 11515243 composite?
False
Is 85864751 prime?
False
Is 14657649 prime?
False
Is 25301 composite?
False
Is 36204947 prime?
True
Is 3529129 a composite number?
False
Is 16576073 a composite number?
True
Is 2144869 a composite number?
True
Is 25191119 composite?
False
Is 14276819 a prime number?
True
Is 1315367 composite?
False
Is 6655037 a composite number?
False
Is 100753 a composite number?
True
Is 467813 a prime number?
True
Is 21821071 a composite number?
False
Is 1672549 a composite number?
False
Is 46041119 prime?
True
Is 8285471 a composite number?
False
Is 84904703 a composite number?
True
Is 13729801 a composite number?
False
Is 139915 prime?
False
Is 11104841 a prime number?
False
Is 895339 a composite number?
True
Is 39290473 composite?
False
Is 1409151 composite?
True
Is 602517023 a prime number?
False
Is 355477 composite?
True
Is 3843113 composite?
True
Is 15514337 a prime number?
True
Is 13473113 prime?
True
Is 171172646 composite?
True
Is 14171297 a prime number?
False
Is 14864699 composite?
False
Is 19305337 prime?
True
Is 439273 a composite number?
False
Is 2398819 a prime number?
False
Is 57559589 composite?
False
Is 8036305 prime?
False
Is 14336897 prime?
True
Is 1200961679 prime?
True
Is 147197 prime?
True
Is 296733313 composite?
False
Is 180698123 composite?
True
Is 1193249723 prime?
False
Is 22308001 prime?
True
Is 2619611 composite?
False
Is 110681 composite?
False
Is 159779 composite?
False
Is 87289367 prime?
False
Is 267359 composite?
True
Is 132282431 prime?
True
Is 695031 prime?
False
Is 1950107 a composite number?
False
Is 49936559 prime?
True
Is 193559 prime?
True
Is 6435371 prime?
True
Is 294564463 a prime number?
False
Is 766497 a prime number?
False
Is 954599 prime?
True
Is 12810137 a prime number?
False
Is 146282 a prime number?
False
Is 5255769 a prime number?
False
Is 158519 a prime number?
True
Is 989167 a composite number?
True
Is 214093735 a composite number?
True
Is 3284983 a prime number?
False
Is 120929 a prime number?
True
Is 85873 composite?
True
Is 110118067 prime?
True
Is 33488659 a prime number?
False
Is 857689 a composite number?
True
Is 1650263 prime?
True
Is 54109051 a composite number?
True
Is 2234113 composite?
True
Is 33194999 composite?
True
Is 2992651 a composite number?
False
Is 14722061 composite?
False
Is 109948121 a prime number?
True
Is 119774797 prime?
True
Is 1537489 prime?
True
Is 14954383 prime?
True
Is 2158582 prime?
False
Is 232634527 prime?
False
Is 938659 composite?
False
Is 13166549 composite?
True
Is 76667653 composite?
True
Is 4831363 composite?
False
Is 6087917 a prime number?
False
Is 29821763 a prime number?
False
Is 96435071 composite?
True
Is 17311297 composite?
False
Is 44024269 composite?
False
Is 3022017 composite?
True
Is 51517991 prime?
False
Is 3211253 prime?
False
Is 1160062 prime?
False
Is 1519594 a prime number?
False
Is 2837773 a composite number?
False
Is 20102429 prime?
False
Is 8066621 prime?
False
Is 2634613 a composite number?
False
Is 4546447 prime?
True
Is 72924851 prime?
False
Is 667669 composite?
True
Is 1584697 a prime number?
True
Is 33798697 a composite number?
True
Is 19929557 a prime number?
True
Is 3959441 composite?
False
Is 6145103 composite?
True
Is 9397621 composite?
True
Is 906043 composite?
False
Is 18052297 prime?
False
Is 1163821 prime?
True
Is 163748527 a prime number?
False
Is 10800841 a composite number?
False
Is 421517 a prime number?
True
Is 15026722 a composite number?
True
Is 701183 composite?
True
Is 52331819 a composite number?
False
Is 570584627 composite?
False
Is 2119561 a prime number?
True
Is 67213961 a composite number?
False
Is 7775399 prime?
True
Is 579206 composite?
True
Is 704225883 prime?
False
Is 51179963 a prime number?
False
Is 420188773 a composite number?
False
Is 26328157 a composite number?
False
Is 2109553 composite?
False
Is 150734549 composite?
True
Is 199612059 composite?
True
Is 2136463 composite?
True
Is 163245193 composite?
False
Is 87912841 prime?
True
Is 87360289 prime?
False
Is 20788745 a prime number?
False
Is 35715586 prime?
False
Is 14448857 prime?
True
Is 1273226 a prime number?
False
Is 8176687 composite?
False
Is 1321549 a composite number?
False
Is 87594895 a composite number?
True
Is 34731911 composite?
False
Is 56954603 composite?
False
Is 109371527 composite?
False
Is 787793 composite?
False
Is 128296241 a prime number?
False
Is 6170327 composite?
False
Is 4721 a composite number?
False
Is 871217 prime?
False
Is 34116737 prime?
True
Is 1013689 a composite number?
True
Is 5385547 prime?
True
Is 48076681 a prime number?
False
Is 33859841 a prime number?
False
Is 468831991 a composite number?
False
Is 15793301 a composite number?
False
Is 2677189 prime?
False
Is 2457905 a prime number?
False
Is 1332691 a composite number?
False
Is 2007697 composite?
False
Is 6531761 prime?
True
Is 109914271 a composite number?
False
Is 56427473 a composite number?
True
Is 30664693 composite?
False
Is 1711 a composite number?
True
Is 2659127 composite?
False
Is 20114489 composite?
True
Is 2359619 prime?
True
Is 225817 prime?
False
Is 11269637 a prime number?
True
Is 66653221 a prime number?
True
Is 82037621 composite?
True
Is 934387 a composite number?
False
Is 12767 a composite number?
True
Is 4105859 a composite number?
True
Is 671609 a composite number?
False
Is 29203723 prime?
False
Is 4819319 a composite number?
False
Is 12683723 a composite number?
True
Is 77404759 composite?
False
Is 1281869 prime?
False
Is 202608127 prime?
False
Is 349495957 a composite number?
False
Is 116626973 prime?
True
Is 10652971 a composite number?
True
Is 395703647 a composite number?
True
Is 4802299 prime?
True
Is 106384631 prime?
False
Is 46354613 composite?
False
Is 2174423 composite?
False
Is 49343249 composite?
False
Is 39787487 prime?
True
Is 7508321 a composite number?
True
Is 1300045 prime?
